 the highest common factor of 2 and c?
2
Let t(i) = 5*i**3 - 3*i**2 + 2*i. Let n be t(3). Suppose 3*v - 3*s - 54 = 0, -18 = -v - s + 2. What is the greatest common factor of n and v?
19
Suppose -4*b + 0*b = -168. What is the greatest common divisor of b and 6?
6
Let j = -69 + 75. What is the highest common factor of 12 and j?
6
Suppose 3*h = 4*g - 0*g + 225, -3*g = -3*h + 165. Let x = -38 - g. Calculate the highest common factor of 11 and x.
11
Suppose -j + 24 + 20 = -4*f, 3*f = 3*j - 114. Let v = -34 + -10. Let z be v/(-12) + 1/3. What is the greatest common factor of j and z?
4
Suppose -9 = -v + 5*u + 4, 5*u + 21 = 2*v. Let t be 16/(-3)*(7 + -10). Calculate the highest common divisor of v and t.
8
Let b be 1*(-10)/2*-4. Let d = 0 + 18. Let v = -8 + d. What is the highest common factor of b and v?
10
Suppose d = -0*d + 16. Suppose 7*f - 51 = -3*q + 4*f, 0 = -5*q + f + 55. Let g be (1 - -7)/(q/264). What is the highest common divisor of g and d?
16
Suppose 0 = 2*d + 3*f - 4*f + 15, 0 = -f - 1. Let t be (-804)/(-10) - d/(-20). What is the greatest common divisor of t and 16?
16
Let p be (6/8)/((-8)/384). Let q = -26 - p. What is the highest common divisor of 70 and q?
10
Let n(r) = -r**3 + 5*r**2 + 7*r - 2. Let h be n(6). Suppose h*o - 66 = 2*o. What is the greatest common divisor of 22 and o?
11
Suppose 5*l + h = -h + 47, -h - 4 = 0. Calculate the highest common factor of l and 1.
1
Suppose -28 = -2*y + 4*h + 8, 4*y = h + 93. What is the highest common divisor of 8 and y?
8
Let j = -13 + 43. What is the highest common divisor of j and 12?
6
Let z be (0/(-2))/(2/1). Let b = 1 + 2. Let c = z + b. What is the highest common factor of 15 and c?
3
Let x = -91 + 130. Let f = 4 - 2. Let j be (52/f)/((-5)/(-5)). What is the highest common divisor of x and j?
13
Suppose 6 = 2*i + i. Let h be i - 2 - (-1 + -1). Suppose -3*z = h*g - 172, 4*z - 250 = -g - 24. Calculate the highest common factor of z and 8.
8
Let x be -3*(-12)/(-18)*50/(-4). Calculate the highest common divisor of x and 50.
25
Let u(k) = -k + 6. Let b be u(6). Suppose -s + 3*s - 8 = b. Suppose -o = -v + 23, s*v + 2*o = -2*o + 68. Calculate the highest common divisor of 5 and v.
5
Let h(w) = 3*w**2 + 2*w - 1. Let f be h(4). Suppose 4*d + d - f = 0. What is the greatest common divisor of d and 55?
11
Let r be (3/9 + -1)*-132. Suppose -4*d = -4*x - 2*d + r, -5*x + 104 = -4*d. What is the highest common divisor of 3 and x?
3
Suppose -3*i + 2 + 13 = 0. Suppose -3*k + i*w - w = -8, -36 = -4*k - w. What is the greatest common factor of 8 and k?
8
Suppose -7*n - 441 = -4*n. Let d = -93 - n. Calculate the greatest common factor of d and 6.
6
Let w(r) = -r**3 - 3*r**2 + 20*r + 5. Let g be w(-8). Calculate the highest common factor of g and 66.
33
Suppose -5*h = -37 - 238. What is the greatest common factor of 22 and h?
11
Let v be (8 + 0)/(5/(0 + 10)). What is the highest common divisor of v and 4?
4
Let l = -21 + 39. Calculate the highest common factor of 27 and l.
9
Let c = 5 + -2. Suppose -4*f + 111 = 3*x, 2*x = -3*f + 7*f + 54. Calculate the highest common factor of x and c.
3
Suppose 2*f - 7*f - 3*a - 58 = 0, 29 = -3*f + 4*a. Let z = f - -14. What is the highest common factor of 1 and z?
1
Suppose 2*v = 7 + 3. Suppose 0 = v*j, 0 = -6*l + 3*l - j + 36. Calculate the highest common divisor of l and 36.
12
Suppose 2*d - 3*d = -25. Calculate the greatest common divisor of 250 and d.
25
Suppose 0 = -4*x + 5*p - 6, -5*x - p = -0*p + 22. Let w = x - -8. Calculate the greatest common factor of 2 and w.
2
Let g(a) = -5*a + 1. Let q be (-2)/(-4)*(-4)/2. Let b be g(q). Calculate the highest common factor of b and 2.
2
Suppose 3*v - 7*v + 72 = 0. What is the greatest common divisor of 162 and v?
18
Let y(u) = -11*u - 5. Let m(o) = 44*o + 20. Let p(t) = 2*m(t) + 9*y(t). Let x be p(-7). Calculate the greatest common divisor of 8 and x.
8
Suppose 5*v - 3*g - 81 = 0, 5*v + 4*g - 18 - 84 = 0. Calculate the highest common factor of 90 and v.
18
Suppose -2*k + 2*g = -40, 16 = 2*g - 6*g. Suppose 7*j - 8 = 5*j. Calculate the greatest common factor of k and j.
4
Suppose 4*k - 29 = -9. Suppose t + k*s = -12, -3*t = -7*t + 5*s + 77. Calculate the highest common divisor of 13 and t.
13
Let c = 8 + 44. Let d = c - 34. Calculate the highest common factor of d and 45.
9
Let c be ((-2)/(-3))/(6/117). Let a be 4 - (-22)/(2/((-4)/(-2))). Calculate the highest common factor of c and a.
13
Suppose 2*a - 11 = 13. Calculate the greatest common divisor of a and 96.
12
Suppose -6*h + 4*h + 10 = 0. Suppose 2*b - h*b = -3. Suppose 0 = 4*j - 395 - b. What is the greatest common factor of j and 11?
11
Suppose 0*c = -2*c - 32. Let l be (-30)/(-2 - 26/c). Suppose -s - 5*r + 10 = s, l = 4*s - 5*r. What is the highest common factor of s and 90?
15
Let l be (10/6)/((-2)/6). Let a = 1 + l. Let y(m) = m**2 + 2*m + 6. Let g be y(a). What is the greatest common divisor of g and 56?
14
Let h be (-6)/4 + 6/12. Let q = 17 + -27. Let a = h - q. What is the greatest common divisor of 45 and a?
9
Let f(u) = u**2 + 4*u + 1. Let p(j) = -j**2 - j + 1. Let g be p(2). Let z be f(g). Let w be (-3)/(9/(-87)) + 1. What is the greatest common factor of w and z?
6
Let w = 154 + -87. Suppose -3*v = -5*z - 81, 4*v + v - 2*z - 135 = 0. Suppose v = -5*d + w. Calculate the greatest common factor of 4 and d.
4
Let l be 139/2 - 6/(-12). What is the greatest common factor of l and 10?
10
Let d = 0 + 5. Let i(s) be the first derivative of -s**3/3 - 5*s**2 - 5*s - 1. Let z be i(-5). What is the greatest common factor of d and z?
5
Let o be ((-80)/(-25))/((-2)/(-10)). Suppose 2*h - o = -2*h. What is the greatest common factor of 16 and h?
4
Let p(d) = d**2 + 10*d - 2. Let j be p(-11). Calculate the highest common divisor of j and 18.
9
Suppose -4*a = -3*i - 29, 3*a = -2*i - i + 27. Suppose a = 2*w - 26. Calculate the greatest common divisor of 17 and w.
17
Let n = 28 + 0. What is the highest common divisor of 28 and n?
28
Suppose 0 = -2*r - 0 + 4. What is the highest common divisor of r and 2?
2
Let r = 50 + 132. Suppose 4*n - r + 22 = 0. Calculate the greatest common factor of 5 and n.
5
Let x = -42 + 74. Suppose 2*r - 2*d = 12, 2*r + 4*d = r + 16. Calculate the greatest common divisor of r and x.
8
Let r be 4 + -1 + 0/4 - -33. Calculate the highest common divisor of 90 and r.
18
Let s be (21/3)/(-1 + 0). Let r = s + 18. Let g = -59 + 92. Calculate the greatest common divisor of r and g.
11
Suppose 4*h - 62 = -2. What is the greatest common divisor of 15 and h?
15
Let p be 1 + (2 - 2) + 2. Suppose 0 = -p*a + 19 + 14. Calculate the greatest common divisor of 11 and a.
11
Let r = 141 - 131. Suppose 4 = -d, 4*o - 2*o + 4*d + 8 = 0. Calculate the highest common factor of r and o.
2
Suppose -12 = -13*i + 11*i. What is the greatest common divisor of 9 and i?
3
Let l(c) = 4*c - 6*c + 4*c. Let u(n) = 9*n**3 + n**2 - 1. Let k be u(1). Let x be l(k). What is the greatest common factor of 6 and x?
6
Let b(x) = x**2 + 7*x + 4. Let o be b(-10). What is the highest common divisor of o and 68?
34
Let q = 38 - 16. What is the greatest common divisor of q and 2?
2
Suppose 0 = 27*u - 43*u + 128. Let r = 4 + -2. Calculate the highest common factor of u and r.
2
Let h(p) = -p**2 + 24. Let r be h(0). Suppose 13*m - 42 = 6*m. Calculate the highest common divisor of m and r.
6
Let v be 20/4*(-8)/(-10). Suppose 4 = -2*z - v. Let h be (1 - 3)/(z/234). Calculate the highest common divisor of 13 and h.
13
Suppose -5*k - o = 2*o - 160, 5*k + 2*o = 165. What is the greatest common factor of k and 5?
5
Let y be 1 - (-10*1 + 0). Let l = y - -3. Let m(j) = j**2 + j + 112. Let h be m(0). Calculate the greatest common factor of l and h.
14
Let a be 144/15 + -8 + (-3)/5. Let o = 103 - 71. Suppose 0*z - f = 5*z - o, 0 = -2*z - 3*f + 5. Calculate the highest common factor of z and a.
1
Suppose 21*c - 19*c - 96 = 0. What is the greatest common factor of 16 and c?
16
Let u be (6/(-5))/(3/(-10)). Let a = 38 - 20. Suppose 5*v = 158 - a. Calculate the highest common factor of v and u.
4
Let j = 55 + 50. What is the greatest common divisor of j and 21?
21
Suppose -9 = -s + 3*j, -3*s - 3*j + 26 = -1. What is the highest common divisor of s and 9?
9
Let x(w) = -4 - 3 - 2*w**2 - 9*w + w**2. Let j be x(-8). Le